t are the prime factors of 46622622?
2, 3, 227, 34231
What are the prime factors of 2792634000?
2, 3, 5, 13, 35803
List the prime factors of 3736819397.
3736819397
List the prime factors of 9232917080.
2, 5, 59, 191, 20483
What are the prime factors of 1145171381?
1145171381
List the prime factors of 899145278.
2, 71, 6332009
List the prime factors of 68034128.
2, 733, 5801
What are the prime factors of 226873732?
2, 349, 162517
List the prime factors of 68332966.
2, 13, 2628191
List the prime factors of 455092198.
2, 11, 20686009
List the prime factors of 8175446.
2, 37, 110479
List the prime factors of 735120314.
2, 2939, 125063
What are the prime factors of 667250982?
2, 3, 2767, 13397
List the prime factors of 1580534164.
2, 11, 113, 317887
What are the prime factors of 828008530?
2, 5, 41, 2019533
List the prime factors of 2273189871.
3, 757729957
List the prime factors of 917650771.
19, 4339, 11131
What are the prime factors of 1212717395?
5, 242543479
What are the prime factors of 2523193382?
2, 41, 163, 311, 607
List the prime factors of 31512284.
2, 7878071
What are the prime factors of 1094206140?
2, 3, 5, 23, 264301
What are the prime factors of 5994924562?
2, 11, 23, 67, 97, 1823
What are the prime factors of 687348681?
3, 991, 231197
List the prime factors of 31528160.
2, 5, 101, 1951
What are the prime factors of 301001989?
23, 67, 195329
What are the prime factors of 50100103?
127, 394489
List the prime factors of 140264750.
2, 5, 561059
List the prime factors of 1376768851.
17, 80986403
List the prime factors of 98542743.
3, 13, 227, 11131
What are the prime factors of 579670430?
2, 5, 19, 563, 5419
List the prime factors of 16616410.
2, 5, 1661641
List the prime factors of 1582543507.
1582543507
List the prime factors of 208677065.
5, 43, 487, 1993
List the prime factors of 321221919.
3, 17, 67, 94007
What are the prime factors of 48543721?
17, 2855513
What are the prime factors of 17793254?
2, 17, 419, 1249
What are the prime factors of 209987555?
5, 41997511
List the prime factors of 994465518.
2, 3, 165744253
List the prime factors of 658947147.
3, 219649049
What are the prime factors of 103045993?
17, 6061529
What are the prime factors of 274350073?
2267, 121019
What are the prime factors of 9383092961?
11, 853008451
List the prime factors of 4151246269.
17, 41, 5955877
What are the prime factors of 3741195?
3, 5, 19, 13127
List the prime factors of 4193792995.
5, 7, 31, 3865247
List the prime factors of 3568507426.
2, 11, 162204883
What are the prime factors of 3067254412?
2, 766813603
What are the prime factors of 96512318?
2, 7, 59, 331, 353
List the prime factors of 71242561.
13, 5480197
What are the prime factors of 658937951?
7, 94133993
List the prime factors of 111793818.
2, 3, 18632303
List the prime factors of 917594987.
19, 48294473
What are the prime factors of 1671813770?
2, 5, 11, 43, 571, 619
What are the prime factors of 18206530?
2, 5, 71, 25643
List the prime factors of 10314653.
227, 45439
List the prime factors of 280041119.
17, 16473007
List the prime factors of 2659329429.
3, 809, 1095727
List the prime factors of 23669222.
2, 11834611
List the prime factors of 265463193.
3, 19, 643, 7243
What are the prime factors of 3010244?
2, 83, 9067
What are the prime factors of 383516012?
2, 11, 73, 139, 859
What are the prime factors of 152353594?
2, 76176797
What are the prime factors of 4154311639?
19, 3767, 58043
What are the prime factors of 86235683?
43, 499, 4019
What are the prime factors of 32362430?
2, 5, 3236243
What are the prime factors of 40255792?
2, 509, 4943
What are the prime factors of 273234245?
5, 6043, 9043
What are the prime factors of 32016093?
3, 79, 135089
What are the prime factors of 263353716?
2, 3, 37, 197713
What are the prime factors of 2529641428?
2, 632410357
List the prime factors of 193450813.
233, 461, 1801
List the prime factors of 1180110441.
3, 7523, 52289
List the prime factors of 840425518.
2, 19, 47, 569, 827
List the prime factors of 72560944.
2, 281, 16139
What are the prime factors of 189829422?
2, 3, 10546079
What are the prime factors of 612765834?
2, 3, 613, 166603
What are the prime factors of 529686806?
2, 11, 251, 95923
List the prime factors of 11647900.
2, 5, 11, 10589
List the prime factors of 2028995468.
2, 257, 1973731
List the prime factors of 1805944771.
1805944771
List the prime factors of 241021699.
17, 937, 15131
List the prime factors of 123703746.
2, 3, 20617291
What are the prime factors of 15475843?
139, 111337
List the prime factors of 6049043671.
11, 31, 17739131
What are the prime factors of 1310944803?
3, 7, 263, 237361
What are the prime factors of 34367765?
5, 79, 167, 521
List the prime factors of 536275631.
536275631
List the prime factors of 1562027313.
3, 7, 11, 23, 294001
What are the prime factors of 579101627?
13, 19, 73, 32117
What are the prime factors of 23138739?
3, 13, 197767
What are the prime factors of 37845028?
2, 13, 23, 31643
What are the prime factors of 1688317?
1688317
List the prime factors of 121977750.
2, 3, 5, 103, 1579
What are the prime factors of 44996993?
23, 1956391
List the prime factors of 1913322913.
1709, 1119557
What are the prime factors of 47803805?
5, 7, 101, 13523
List the prime factors of 133070668.
2, 33267667
What are the prime factors of 429830828?
2, 7, 15351101
List the prime factors of 1411406388.
2, 3, 7, 800117
What are the prime factors of 150686563?
569, 264827
What are the prime factors of 752835238?
2, 347, 1084777
List the prime factors of 82816207.
82816207
What are the prime factors of 31886268?
2, 3, 2657189
List the prime factors of 30302110.
2, 5, 1373, 2207
List the prime factors of 52303454.
2, 7, 41, 91121
List the prime factors of 90538071.
3, 13, 1289, 1801
What are the prime factors of 81078779?
43, 1885553
List the prime factors of 50136225.
3, 5, 239, 2797
List the prime factors of 510677237.
7, 72953891
List the prime factors of 3650090444.
2, 7, 11, 13, 587, 1553
What are the prime factors of 33973154?
2, 67, 253531
What are the prime factors of 20580971?
19, 47, 1213
List the prime factors of 53939601.
3, 665921
List the prime factors of 96369216.
2, 3, 19, 26417
What are the prime factors of 120070180?
2, 5, 37, 162257
List the prime factors of 2930807306.
2, 7, 29906197
What are the prime factors of 738986758?
2, 29, 89, 143159
List the prime factors of 1129532241.
3, 17, 223, 99317
List the prime factors of 41342643.
3, 510403
List the prime factors of 27910283.
863, 32341
What are the prime factors of 35479536?
2, 3, 19, 38903
What are the prime factors of 220388756?
2, 7, 107, 73561
What are the prime factors of 61637831?
59, 193, 5413
List the prime factors of 326140582.
2, 2713, 60107
List the prime factors of 477735572.
2, 119433893
What are the prime factors of 184401816?
2, 3, 7683409
List the prime factors of 55994941.
55994941
List the prime factors of 123941997.
3, 19, 724807
What are the prime factors of 419389470?
2, 3, 5, 19, 245257
What are the prime factors of 53577144?
2, 3, 744127
List the prime factors of 7495984.
2, 468499
What are the prime factors of 87707669?
7, 12529667
List the prime factors of 441873291.
3, 19, 7752163
List the prime factors of 153283142.
2, 929, 82499
What are the prime factors of 4879569832?
2, 151, 353, 11443
List the prime factors of 130942696.
2, 167, 98011
List the prime factors of 1114298161.
1114298161
List the prime factors of 5217404779.
499, 10455721
What are the prime factors of 4578320227?
13, 41, 1429, 6011
What are the prime factors of 1747901833?
29, 2551, 23627
What are the prime factors of 1061872709?
1061872709
List the prime factors of 160496867.
160496867
What are the prime factors of 47524919?
13, 3655763
What are the prime factors of 7621361739?
3, 1069, 264053
What are the prime factors of 6312078494?
2, 41, 71, 1084177
What are the prime factors of 267139652?
2, 13, 139, 2843
List the prime factors of 77384598.
2, 3, 67, 192499
What are the prime factors of 2076297281?
193, 10758017
List the prime factors of 348364354.
2, 13, 19, 705191
What are the prime factors of 189399681?
3, 7014803
What are the prime factors of 1614839594?
2, 1249, 646453
What are the prime factors of 40516466?
2, 131, 154643
